{"id":13767,"date":"2026-02-13T14:42:50","date_gmt":"2026-02-13T13:42:50","guid":{"rendered":"https:\/\/brokk.local\/event\/icond-2026-germany\/"},"modified":"2026-02-13T14:42:50","modified_gmt":"2026-02-13T13:42:50","slug":"icond-2026-germany","status":"publish","type":"event","link":"https:\/\/dev.brokk.com.hemsida.eu\/sv\/event\/icond-2026-germany\/","title":{"rendered":"IKON 2026"},"content":{"rendered":"<p><span data-contrast=\"auto\">Den internationella konferensen om k\u00e4rnkraftsavveckling (<a href=\"https:\/\/www.icond.de\/en\/\" target=\"_blank\" rel=\"noopener\">IKON<\/a>) \u00e5terv\u00e4nder till Aachen den 4\u20137 maj. Konferensen, som \u00e4r erk\u00e4nd som Europas ledande specialistevenemang inom detta omr\u00e5de, unders\u00f6ker nedmonteringsstrategier, myndighetskrav, avfallshanteringsmetoder och de praktiska utmaningarna med komplexa avvecklingsprojekt.<\/span><span data-ccp-props=\"{&quot;134233117&quot;:false,&quot;134233118&quot;:false,&quot;201341983&quot;:0,&quot;335559738&quot;:0,&quot;335559739&quot;:0,&quot;335559740&quot;:300}\">\u00a0<\/span><span data-ccp-props=\"{&quot;134233117&quot;:false,&quot;134233118&quot;:false,&quot;201341983&quot;:0,&quot;335559738&quot;:0,&quot;335559739&quot;:0,&quot;335559740&quot;:300}\">\u00a0<\/span><\/p>\n<p><span data-contrast=\"auto\">Brokk-teamet kommer att vara d\u00e4r! Vi ses p\u00e5 ICOND 2026!<\/span><span data-ccp-props=\"{&quot;134233117&quot;:false,&quot;134233118&quot;:false,&quot;201341983&quot;:0,&quot;335559738&quot;:0,&quot;335559739&quot;:0,&quot;335559740&quot;:300}\">\u00a0<\/span><\/p>","protected":false},"excerpt":{"rendered":"<p>Den internationella konferensen om k\u00e4rnkraftsavveckling (ICOND) \u00e5terv\u00e4nder till Aachen den 4\u20137 maj. Brokk-teamet kommer att vara d\u00e4r!<\/p>","protected":false},"featured_media":13768,"template":"","region":[],"class_list":["post-13767","event","type-event","status-publish","has-post-thumbnail","hentry"],"acf":[],"_links":{"self":[{"href":"https:\/\/dev.brokk.com.hemsida.eu\/sv\/wp-json\/wp\/v2\/event\/13767","targetHints":{"allow":["GET"]}}],"collection":[{"href":"https:\/\/dev.brokk.com.hemsida.eu\/sv\/wp-json\/wp\/v2\/event"}],"about":[{"href":"https:\/\/dev.brokk.com.hemsida.eu\/sv\/wp-json\/wp\/v2\/types\/event"}],"wp:featuredmedia":[{"embeddable":true,"href":"https:\/\/dev.brokk.com.hemsida.eu\/sv\/wp-json\/wp\/v2\/media\/13768"}],"wp:attachment":[{"href":"https:\/\/dev.brokk.com.hemsida.eu\/sv\/wp-json\/wp\/v2\/media?parent=13767"}],"wp:term":[{"taxonomy":"region","embeddable":true,"href":"https:\/\/dev.brokk.com.hemsida.eu\/sv\/wp-json\/wp\/v2\/region?post=13767"}],"curies":[{"name":"wp","href":"https:\/\/api.w.org\/{rel}","templated":true}]}}

<p><span data-contrast="auto">Den internationella konferensen om kärnkraftsavveckling (<a href="https://www.icond.de/en/" target="_blank" rel="noopener">IKON</a>) återvänder till Aachen den 4–7 maj. Konferensen, som är erkänd som Europas ledande specialistevenemang inom detta område, undersöker nedmonteringsstrategier, myndighetskrav, avfallshanteringsmetoder och de praktiska utmaningarna med komplexa avvecklingsprojekt.</span><span data-ccp-props="{&quot;134233117&quot;:false,&quot;134233118&quot;:false,&quot;201341983&quot;:0,&quot;335559738&quot;:0,&quot;335559739&quot;:0,&quot;335559740&quot;:300}"> </span><span data-ccp-props="{&quot;134233117&quot;:false,&quot;134233118&quot;:false,&quot;201341983&quot;:0,&quot;335559738&quot;:0,&quot;335559739&quot;:0,&quot;335559740&quot;:300}"> </span></p>
<p><span data-contrast="auto">Brokk-teamet kommer att vara där! Vi ses på ICOND 2026!</span><span data-ccp-props="{&quot;134233117&quot;:false,&quot;134233118&quot;:false,&quot;201341983&quot;:0,&quot;335559738&quot;:0,&quot;335559739&quot;:0,&quot;335559740&quot;:300}"> </span></p>

<p>Den internationella konferensen om kärnkraftsavveckling (ICOND) återvänder till Aachen den 4–7 maj. Brokk-teamet kommer att vara där!</p>
